26. What are the prime factors of q(n)?
2, 5, 17
Let s(p) = 83*p**2 + 131*p - 1552. List the prime factors of s(23).
2, 53, 107
Let t(b) be the third derivative of b**4/8 + 61*b**3/3 - 39*b**2 + 2. What are the prime factors of t(27)?
7, 29
Suppose -19*o + 85 = -2*o. Suppose 3600 = -0*v + o*v. What are the prime factors of v?
2, 3, 5
What are the prime factors of (-27)/(-29) + -1 - (-18095756)/667?
2, 5, 2713
Let l be 13932/72 - (-5)/(-2). List the prime factors of (-1)/((-1)/l)*1.
191
Let f(q) = -q**2 - 29*q - 175. Let p be f(-10). Suppose 0 = -12*n + p*n - 3351. List the prime factors of n.
1117
Let j be 653 - (-1 - -2) - (-2 - 2). Let y = -357 + j. List the prime factors of y.
13, 23
List the prime factors of (17870/10*-9)/((-30)/20).
2, 3, 1787
Let d(j) = 75*j**3 - 17*j**2 + 60*j + 13. List the prime factors of d(6).
11, 1451
Let c = -231 + 242. Suppose c*l - 4599 = -1453. List the prime factors of l.
2, 11, 13
Let k = -2115 - -14837. What are the prime factors of k?
2, 6361
Let k = 1283 + -188. Suppose -g + k = -146. What are the prime factors of g?
17, 73
Suppose 1 - 192 = 5*z - 3*j, -3*z - 5*j = 135. Let h be 54/(-6)*(z/6 + 2). Suppose -h = -m + 53. List the prime factors of m.
5, 19
Let b be (22/(-5) - -2)*(-15)/6. Let l be (-11 + 1)*177/b. Let z = l + 571. List the prime factors of z.
2, 3, 23
Suppose 11*h + 9*h + 18*h = 346332. What are the prime factors of h?
2, 3, 7, 31
Suppose 18645 = 26*g - 15*g. Let f = -930 + g. What are the prime factors of f?
3, 5, 17
Suppose 3*j + 136059 = -19*l + 22*l, 0 = -l - 5*j + 45371. What are the prime factors of l?
2, 17, 23, 29
Suppose -5*m + 29062 = -2*t, -243*m - 23246 = -247*m - 2*t. List the prime factors of m.
2, 1453
Let q(a) = -a**3 - 27*a**2 - 34*a - 123. Let d be q(-24). Let g = -282 - d. List the prime factors of g.
3, 251
Suppose 9*i - 174 = -w + 6*i, -3*w + 552 = 3*i. Suppose -5*x + 2*x = 366. Let j = w + x. What are the prime factors of j?
67
Let p = 11161 + 22670. List the prime factors of p.
3, 7, 179
Suppose -22*l = -99*l + 43*l + 44132. List the prime factors of l.
2, 11, 59
Let w(h) = 5*h**2 + 12*h - 86. Let o be w(10). Let a be 1/2*1*-264. What are the prime factors of (-4)/(o/a - -4)?
2, 11
Let z = 11151 - 1853. What are the prime factors of z?
2, 4649
Let k = 837 - 1044. Let x = 296 - k. What are the prime factors of x?
503
Suppose 2*b = -2*g, 2*g - b - 3 = 3. Suppose -g*f - f + 1635 = 0. List the prime factors of f.
5, 109
Suppose 0 = 11*w - 10*w - 1499 + 251. List the prime factors of w.
2, 3, 13
Suppose 2*d - 18520 = p, 4*d + 9893 - 46897 = -4*p. List the prime factors of d.
9257
Let i(t) = 648*t + 1884. What are the prime factors of i(9)?
2, 3, 643
Suppose a - 9 = -5*o, 2*o - 3*a = a + 8. Let i(y) = 150*y - 19. What are the prime factors of i(o)?
281
Suppose 0 = 6*n + 605 + 1015. Let v = n - -517. List the prime factors of v.
13, 19
Suppose -86*j = r - 89*j - 22840, -2*r = -4*j - 45694. List the prime factors of r.
22861
Let y(u) = -u**3 - 16*u**2 - 19*u + 14. Let s = 8 + -24. Let p be y(s). Let c = p - 220. What are the prime factors of c?
2, 7
Let m(u) be the third derivative of -u**6/120 + 7*u**5/30 - 13*u**4/24 + 12*u**2. Let j be m(13). Let d(o) = -5*o + 52. What are the prime factors of d(j)?
2, 13
Let b = 92 + -88. Suppose 0 = -3*l - b*v + 295, -2*l + 7*l + 5*v = 500. What are the prime factors of l?
3, 5, 7
Suppose -2*p + 13413 = -53*i + 48*i, -p + 6711 = -i. What are the prime factors of p?
2, 3, 373
Suppose -4*d = -5*g + 242, -g - 4*g + 5*d + 245 = 0. Let c = 67 - g. Let k = 39 - c. What are the prime factors of k?
2, 3
Let a = -12167 - -17546. Suppose 22*q = -473 + a. What are the prime factors of q?
223
Suppose -18*x + 2340 = -1296. Suppose -x*v + 1272 = -190*v. What are the prime factors of v?
2, 53
Suppose 4*u + l - 3414 = 0, 5*l = 2*u - 825 - 915. What are the prime factors of u?
3, 5, 19
Let f(m) = -14*m - 113. Let s be f(-10). Suppose 18*h = s*h - 14715. List the prime factors of h.
3, 5, 109
Let k(u) = u**3 - 6*u**2 + 10*u + 14. Let b be k(4). Suppose 4082 = -9*m + b*m. What are the prime factors of m?
2, 157
Suppose 0 = -9*l - 6802 + 48733. Suppose 13*j - l = -3*p + 15*j, -4*p + 6232 = 4*j. What are the prime factors of p?
5, 311
Let q be (6/(-15))/((-2)/(-5)). Let r be 72/(-2) + (q - -2) + -3. List the prime factors of ((-9)/(-1))/(r/(-18) - 2).
3
Let x be (-1)/(65/10 + -7). Suppose 5*o + 2*g - 2363 = -x*g, 2*g = 4. List the prime factors of o.
3, 157
Suppose 111265 - 347905 = -116*a. List the prime factors of a.
2, 3, 5, 17
Let c be 4/3*(9 + -12). What are the prime factors of (78/24*226)/((-2)/c)?
13, 113
Suppose 4*s - 15 + 27 = 0. Let b be 54/(-12)*4/s. Suppose -b*o - 312 = -9*o. What are the prime factors of o?
2, 13
Let f(t) = 1318*t**2 - 203*t + 48. List the prime factors of f(8).
2, 3, 3449
Let l = 54 - 51. Suppose -2*g - 9 = -5*u + 10, -l*g - 4*u + 29 = 0. What are the prime factors of 3 + 101*(g - 4)*-1?
2, 13
Let o(z) = 7684*z**2 + 6*z. List the prime factors of o(1).
2, 5, 769
Let u = -181 + 187. Suppose -672 = -13*p + u*p. List the prime factors of p.
2, 3
Let i(o) = -881*o**3 - 3*o**2 + 6*o - 4. Let a be i(1). Let h = a - -1249. What are the prime factors of h?
367
Suppose 1 = -4*k + 5. Let a(v) = 3*v**3 - v**2 + 2*v - 1. Let g be a(k). Suppose -607 = -2*o - 11*j + 14*j, g*o = 5*j + 909. What are the prime factors of o?
2, 7, 11
Let n be (9/18)/((-3)/(-6324)). Suppose -p + n = 4*u - 3*p, -1316 = -5*u + 4*p. What are the prime factors of u?
2, 3, 11
Let p = 19 + -19. Suppose 2*s + p*s = 10. List the prime factors of 30/12*s/(5/24).
2, 3, 5
Suppose -78*m = -89*m + 71324. What are the prime factors of m?
2, 1621
Suppose 42*i = 39*i + 16182. What are the prime factors of (-2 - -6) + i/6?
3, 7, 43
Let j(w) = w**3 - 10*w**2 - 8*w + 11. Let s be j(10). Let c = 289 - s. Suppose -5*u + 5*m + 330 = 0, -2*m = -5*u + c - 40. List the prime factors of u.
2, 31
Suppose 0 = 3*x + 10762 + 38. What are the prime factors of (1 - 7/14)/((-3)/x)?
2, 3, 5
Let c = 92 + -62. Suppose 5*h = 5*d - 1155, 0 = 51*d - 55*d + 2*h + 918. Suppose p - d = -2*w + c, -2*w + 4*p + 268 = 0. What are the prime factors of w?
2, 5, 13
Let s = -177 + 231. What are the prime factors of s?
2, 3
Let w = 13979 - 12003. List the prime factors of w.
2, 13, 19
Let r(j) = j**2 + 45*j - 121. List the prime factors of r(-50).
3, 43
List the prime factors of 106215/(-2)*456/(-570).
2, 3, 73, 97
Let i(x) = x**2 - 17*x + 38. Let p be i(10). Let m = p + 395. List the prime factors of m.
3, 11
Suppose 3*j = 4*y - 921, 723 - 36 = 3*y - j. Let p = y - 107. What are the prime factors of p?
11
Suppose 4*v - 59 = -5*w, -2*w + 3 = -3. Suppose 4*r + 3*g = 33, -3*r + 5*g = -6*r + v. List the prime factors of (-1)/(((-1)/r)/1).
2, 3
Let p(o) = -o**3 + 15*o**2 - 4*o - 3. Let a be p(15). Let m be 7/(a/348)*3. What are the prime factors of 33/(-22)*m/3?
2, 29
Suppose 100 = 24*g + g. Suppose g*h + 3*n = -0*n + 2747, -3454 = -5*h + 3*n. What are the prime factors of h?
13, 53
Suppose -27*y + 29*y - 4 = 0. Suppose -y*a - u + 1095 = 0, 3*a = -2*a - 3*u + 2738. What are the prime factors of a?
547
Let b(t) = t**3 + 7*t**2 + 9*t - 7. Let s be b(-5). What are the prime factors of (871 - 4 - s) + (5 - 0)?
2, 19, 23
Let f = 516 - 576. What are the prime factors of (-66160)/(-75) + 8/f?
2, 3, 7
Let i = -60 - -70. Let w(k) = k**2 - 10*k + 6. Let y be w(i). Suppose -2*n - 702 = -4*u, -2*u + 9*n = y*n - 345. What are the prime factors of u?
3, 59
Let c = -332 + 346. Suppose -c*k + 26*k = 6780. List the prime factors of k.
5, 113
Let w(d) = -2*d + 73. Suppose 3*p - 4*v = p - 20, 0 = -p - v + 2. Let b(n) = -3*n + 146. Let x(k) = p*b(k) + 5*w(k). What are the prime factors of x(0)?
73
Suppose 43*v = 38*v + 25. Suppose 2491 = 4*q - r, 0 = -4*q + 9*q + v*r - 3120. What are the prime factors of q?
7, 89
Let c(p) = 4*p - 3*p - 2 - 7 - 8. Let t be c(14). What are the prime factors of t/15 + 972/10?
97
Let d = 289 - 46. Suppose 4*z - 6003 = -d. Suppose -6*k - 2*k + z = 0. What are the prime factors of k?
2, 3, 5
Let f(o) = -5*o**2 - 53*o + 22. Let d be f(-11). Let s(h) = 27*h + 213. List the prime factors of s(d).
3, 71
Let q(f) = 22*f**2 - 21*f - 54. Let b be q(-2). Let r(o) = -o**3 - 5*o**2 + o - 3. Let t be r(-5). List the